{"id":1900,"date":"2026-03-09T17:54:07","date_gmt":"2026-03-09T16:54:07","guid":{"rendered":"https:\/\/empab.fr\/?post_type=product&#038;p=1900"},"modified":"2026-03-23T15:31:13","modified_gmt":"2026-03-23T14:31:13","slug":"massage-detente-30-minutes","status":"publish","type":"product","link":"https:\/\/empab.fr\/index.php\/produit\/massage-detente-30-minutes\/","title":{"rendered":"Massage d\u00e9tente 30 minutes"},"content":{"rendered":"<p>Massage d\u00e9tente de 30 minutes au choix<\/p>\n","protected":false},"excerpt":{"rendered":"<p>Massage de 30 minutes \u00e0 Cosne sur Loire<\/p>\n","protected":false},"featured_media":2008,"comment_status":"open","ping_status":"closed","template":"","meta":[],"product_brand":[],"product_cat":[27],"product_tag":[32,33,34],"class_list":{"0":"post-1900","1":"product","2":"type-product","3":"status-publish","4":"has-post-thumbnail","6":"product_cat-30-minutes","7":"product_tag-massage-californien","8":"product_tag-massage-du-perinee-masculin","9":"product_tag-massage-intuitif","11":"entry","12":"has-media","14":"first","15":"instock","16":"virtual","17":"purchasable","18":"product-type-simple","19":"has-product-nav","20":"col","21":"span_1_of_4","22":"owp-content-center","23":"owp-thumbs-layout-horizontal","24":"owp-btn-normal","25":"owp-tabs-layout-horizontal","26":"has-no-thumbnails"},"yoast_head":"<!-- This site is optimized with the Yoast SEO plugin v27.4 - https:\/\/yoast.com\/product\/yoast-seo-wordpress\/ -->\n<title>Massage d\u00e9tente 30 minutes \u00e0 Cosne-sur-Loire<\/title>\n<meta name=\"description\" content=\"Offrez-vous 30 minutes de pure d\u00e9tente avec nos massages bien-\u00eatre \u00e0 Cosne-Cours-sur-ore. R\u00e9servez d\u00e8s maintenant pour une pause relaxante et revitalisante\" \/>\n<meta name=\"robots\" content=\"index, follow, max-snippet:-1, max-image-preview:large, max-video-preview:-1\" \/>\n<link rel=\"canonical\" href=\"https:\/\/empab.fr\/index.php\/produit\/massage-detente-30-minutes\/\" \/>\n<meta property=\"og:locale\" content=\"fr_FR\" \/>\n<meta property=\"og:type\" content=\"article\" \/>\n<meta property=\"og:title\" content=\"Massage d\u00e9tente 30 minutes \u00e0 Cosne-sur-Loire\" \/>\n<meta property=\"og:description\" content=\"Offrez-vous 30 minutes de pure d\u00e9tente avec nos massages bien-\u00eatre \u00e0 Cosne-Cours-sur-ore. R\u00e9servez d\u00e8s maintenant pour une pause relaxante et revitalisante\" \/>\n<meta property=\"og:url\" content=\"https:\/\/empab.fr\/index.php\/produit\/massage-detente-30-minutes\/\" \/>\n<meta property=\"og:site_name\" content=\"EMPAB -\u00caTRE MIEUX POUR ALLER BIEN\" \/>\n<meta property=\"article:publisher\" content=\"https:\/\/www.facebook.com\/profile.php?id=100091632164342\" \/>\n<meta property=\"article:modified_time\" content=\"2026-03-23T14:31:13+00:00\" \/>\n<meta property=\"og:image\" content=\"https:\/\/empab.fr\/wp-content\/uploads\/2026\/03\/Patille-massage-30-minutes-1.png\" \/>\n\t<meta property=\"og:image:width\" content=\"1142\" \/>\n\t<meta property=\"og:image:height\" content=\"977\" \/>\n\t<meta property=\"og:image:type\" content=\"image\/png\" \/>\n<meta name=\"twitter:card\" content=\"summary_large_image\" \/>\n<meta name=\"twitter:site\" content=\"@empab_369\" \/>\n<meta name=\"twitter:label1\" content=\"Dur\u00e9e de lecture estim\u00e9e\" \/>\n\t<meta name=\"twitter:data1\" content=\"1 minute\" \/>\n<script type=\"application\/ld+json\" class=\"yoast-schema-graph\">{\"@context\":\"https:\\\/\\\/schema.org\",\"@graph\":[{\"@type\":\"WebPage\",\"@id\":\"https:\\\/\\\/empab.fr\\\/index.php\\\/produit\\\/massage-detente-30-minutes\\\/\",\"url\":\"https:\\\/\\\/empab.fr\\\/index.php\\\/produit\\\/massage-detente-30-minutes\\\/\",\"name\":\"Massage d\u00e9tente 30 minutes \u00e0 Cosne-sur-Loire\",\"isPartOf\":{\"@id\":\"https:\\\/\\\/empab.fr\\\/#website\"},\"primaryImageOfPage\":{\"@id\":\"https:\\\/\\\/empab.fr\\\/index.php\\\/produit\\\/massage-detente-30-minutes\\\/#primaryimage\"},\"image\":{\"@id\":\"https:\\\/\\\/empab.fr\\\/index.php\\\/produit\\\/massage-detente-30-minutes\\\/#primaryimage\"},\"thumbnailUrl\":\"https:\\\/\\\/empab.fr\\\/wp-content\\\/uploads\\\/2026\\\/03\\\/Patille-massage-30-minutes-1.png\",\"datePublished\":\"2026-03-09T16:54:07+00:00\",\"dateModified\":\"2026-03-23T14:31:13+00:00\",\"description\":\"Offrez-vous 30 minutes de pure d\u00e9tente avec nos massages bien-\u00eatre \u00e0 Cosne-Cours-sur-ore. R\u00e9servez d\u00e8s maintenant pour une pause relaxante et revitalisante\",\"breadcrumb\":{\"@id\":\"https:\\\/\\\/empab.fr\\\/index.php\\\/produit\\\/massage-detente-30-minutes\\\/#breadcrumb\"},\"inLanguage\":\"fr-FR\",\"potentialAction\":[{\"@type\":\"ReadAction\",\"target\":[\"https:\\\/\\\/empab.fr\\\/index.php\\\/produit\\\/massage-detente-30-minutes\\\/\"]}]},{\"@type\":\"ImageObject\",\"inLanguage\":\"fr-FR\",\"@id\":\"https:\\\/\\\/empab.fr\\\/index.php\\\/produit\\\/massage-detente-30-minutes\\\/#primaryimage\",\"url\":\"https:\\\/\\\/empab.fr\\\/wp-content\\\/uploads\\\/2026\\\/03\\\/Patille-massage-30-minutes-1.png\",\"contentUrl\":\"https:\\\/\\\/empab.fr\\\/wp-content\\\/uploads\\\/2026\\\/03\\\/Patille-massage-30-minutes-1.png\",\"width\":1142,\"height\":977,\"caption\":\"Optez pour les massages EMPAB de 30 minutes : une s\u00e9ance courte mais intense pour lib\u00e9rer les tensions, am\u00e9liorer la circulation et se ressourcer en un minimum de temps.\"},{\"@type\":\"BreadcrumbList\",\"@id\":\"https:\\\/\\\/empab.fr\\\/index.php\\\/produit\\\/massage-detente-30-minutes\\\/#breadcrumb\",\"itemListElement\":[{\"@type\":\"ListItem\",\"position\":1,\"name\":\"Accueil\",\"item\":\"https:\\\/\\\/empab.fr\\\/\"},{\"@type\":\"ListItem\",\"position\":2,\"name\":\"Boutique\",\"item\":\"https:\\\/\\\/empab.fr\\\/index.php\\\/massages-bien-etre-cosne-cours-sur-loire-prestations\\\/\"},{\"@type\":\"ListItem\",\"position\":3,\"name\":\"Massage d\u00e9tente 30 minutes\"}]},{\"@type\":\"WebSite\",\"@id\":\"https:\\\/\\\/empab.fr\\\/#website\",\"url\":\"https:\\\/\\\/empab.fr\\\/\",\"name\":\"EMPAB -\u00caTRE MIEUX POUR ALLER BIEN\",\"description\":\"Du bien-\u00eatre au mieux-\u00eatre\",\"publisher\":{\"@id\":\"https:\\\/\\\/empab.fr\\\/#organization\"},\"potentialAction\":[{\"@type\":\"SearchAction\",\"target\":{\"@type\":\"EntryPoint\",\"urlTemplate\":\"https:\\\/\\\/empab.fr\\\/?s={search_term_string}\"},\"query-input\":{\"@type\":\"PropertyValueSpecification\",\"valueRequired\":true,\"valueName\":\"search_term_string\"}}],\"inLanguage\":\"fr-FR\"},{\"@type\":\"Organization\",\"@id\":\"https:\\\/\\\/empab.fr\\\/#organization\",\"name\":\"EMPAB -\u00caTRE MIEUX POUR ALLER BIEN\",\"url\":\"https:\\\/\\\/empab.fr\\\/\",\"logo\":{\"@type\":\"ImageObject\",\"inLanguage\":\"fr-FR\",\"@id\":\"https:\\\/\\\/empab.fr\\\/#\\\/schema\\\/logo\\\/image\\\/\",\"url\":\"https:\\\/\\\/empab.fr\\\/wp-content\\\/uploads\\\/2025\\\/02\\\/cropped-logo-EMPAB-AVEC-SILHOUETES.png\",\"contentUrl\":\"https:\\\/\\\/empab.fr\\\/wp-content\\\/uploads\\\/2025\\\/02\\\/cropped-logo-EMPAB-AVEC-SILHOUETES.png\",\"width\":382,\"height\":392,\"caption\":\"EMPAB -\u00caTRE MIEUX POUR ALLER BIEN\"},\"image\":{\"@id\":\"https:\\\/\\\/empab.fr\\\/#\\\/schema\\\/logo\\\/image\\\/\"},\"sameAs\":[\"https:\\\/\\\/www.facebook.com\\\/profile.php?id=100091632164342\",\"https:\\\/\\\/x.com\\\/empab_369\",\"https:\\\/\\\/www.instagram.com\\\/etre.mieux.pour.aller.bien\\\/\"]}]}<\/script>\n<!-- \/ Yoast SEO plugin. -->","yoast_head_json":{"title":"Massage d\u00e9tente 30 minutes \u00e0 Cosne-sur-Loire","description":"Offrez-vous 30 minutes de pure d\u00e9tente avec nos massages bien-\u00eatre \u00e0 Cosne-Cours-sur-ore. R\u00e9servez d\u00e8s maintenant pour une pause relaxante et revitalisante","robots":{"index":"index","follow":"follow","max-snippet":"max-snippet:-1","max-image-preview":"max-image-preview:large","max-video-preview":"max-video-preview:-1"},"canonical":"https:\/\/empab.fr\/index.php\/produit\/massage-detente-30-minutes\/","og_locale":"fr_FR","og_type":"article","og_title":"Massage d\u00e9tente 30 minutes \u00e0 Cosne-sur-Loire","og_description":"Offrez-vous 30 minutes de pure d\u00e9tente avec nos massages bien-\u00eatre \u00e0 Cosne-Cours-sur-ore. R\u00e9servez d\u00e8s maintenant pour une pause relaxante et revitalisante","og_url":"https:\/\/empab.fr\/index.php\/produit\/massage-detente-30-minutes\/","og_site_name":"EMPAB -\u00caTRE MIEUX POUR ALLER BIEN","article_publisher":"https:\/\/www.facebook.com\/profile.php?id=100091632164342","article_modified_time":"2026-03-23T14:31:13+00:00","og_image":[{"width":1142,"height":977,"url":"https:\/\/empab.fr\/wp-content\/uploads\/2026\/03\/Patille-massage-30-minutes-1.png","type":"image\/png"}],"twitter_card":"summary_large_image","twitter_site":"@empab_369","twitter_misc":{"Dur\u00e9e de lecture estim\u00e9e":"1 minute"},"schema":{"@context":"https:\/\/schema.org","@graph":[{"@type":"WebPage","@id":"https:\/\/empab.fr\/index.php\/produit\/massage-detente-30-minutes\/","url":"https:\/\/empab.fr\/index.php\/produit\/massage-detente-30-minutes\/","name":"Massage d\u00e9tente 30 minutes \u00e0 Cosne-sur-Loire","isPartOf":{"@id":"https:\/\/empab.fr\/#website"},"primaryImageOfPage":{"@id":"https:\/\/empab.fr\/index.php\/produit\/massage-detente-30-minutes\/#primaryimage"},"image":{"@id":"https:\/\/empab.fr\/index.php\/produit\/massage-detente-30-minutes\/#primaryimage"},"thumbnailUrl":"https:\/\/empab.fr\/wp-content\/uploads\/2026\/03\/Patille-massage-30-minutes-1.png","datePublished":"2026-03-09T16:54:07+00:00","dateModified":"2026-03-23T14:31:13+00:00","description":"Offrez-vous 30 minutes de pure d\u00e9tente avec nos massages bien-\u00eatre \u00e0 Cosne-Cours-sur-ore. R\u00e9servez d\u00e8s maintenant pour une pause relaxante et revitalisante","breadcrumb":{"@id":"https:\/\/empab.fr\/index.php\/produit\/massage-detente-30-minutes\/#breadcrumb"},"inLanguage":"fr-FR","potentialAction":[{"@type":"ReadAction","target":["https:\/\/empab.fr\/index.php\/produit\/massage-detente-30-minutes\/"]}]},{"@type":"ImageObject","inLanguage":"fr-FR","@id":"https:\/\/empab.fr\/index.php\/produit\/massage-detente-30-minutes\/#primaryimage","url":"https:\/\/empab.fr\/wp-content\/uploads\/2026\/03\/Patille-massage-30-minutes-1.png","contentUrl":"https:\/\/empab.fr\/wp-content\/uploads\/2026\/03\/Patille-massage-30-minutes-1.png","width":1142,"height":977,"caption":"Optez pour les massages EMPAB de 30 minutes : une s\u00e9ance courte mais intense pour lib\u00e9rer les tensions, am\u00e9liorer la circulation et se ressourcer en un minimum de temps."},{"@type":"BreadcrumbList","@id":"https:\/\/empab.fr\/index.php\/produit\/massage-detente-30-minutes\/#breadcrumb","itemListElement":[{"@type":"ListItem","position":1,"name":"Accueil","item":"https:\/\/empab.fr\/"},{"@type":"ListItem","position":2,"name":"Boutique","item":"https:\/\/empab.fr\/index.php\/massages-bien-etre-cosne-cours-sur-loire-prestations\/"},{"@type":"ListItem","position":3,"name":"Massage d\u00e9tente 30 minutes"}]},{"@type":"WebSite","@id":"https:\/\/empab.fr\/#website","url":"https:\/\/empab.fr\/","name":"EMPAB -\u00caTRE MIEUX POUR ALLER BIEN","description":"Du bien-\u00eatre au mieux-\u00eatre","publisher":{"@id":"https:\/\/empab.fr\/#organization"},"potentialAction":[{"@type":"SearchAction","target":{"@type":"EntryPoint","urlTemplate":"https:\/\/empab.fr\/?s={search_term_string}"},"query-input":{"@type":"PropertyValueSpecification","valueRequired":true,"valueName":"search_term_string"}}],"inLanguage":"fr-FR"},{"@type":"Organization","@id":"https:\/\/empab.fr\/#organization","name":"EMPAB -\u00caTRE MIEUX POUR ALLER BIEN","url":"https:\/\/empab.fr\/","logo":{"@type":"ImageObject","inLanguage":"fr-FR","@id":"https:\/\/empab.fr\/#\/schema\/logo\/image\/","url":"https:\/\/empab.fr\/wp-content\/uploads\/2025\/02\/cropped-logo-EMPAB-AVEC-SILHOUETES.png","contentUrl":"https:\/\/empab.fr\/wp-content\/uploads\/2025\/02\/cropped-logo-EMPAB-AVEC-SILHOUETES.png","width":382,"height":392,"caption":"EMPAB -\u00caTRE MIEUX POUR ALLER BIEN"},"image":{"@id":"https:\/\/empab.fr\/#\/schema\/logo\/image\/"},"sameAs":["https:\/\/www.facebook.com\/profile.php?id=100091632164342","https:\/\/x.com\/empab_369","https:\/\/www.instagram.com\/etre.mieux.pour.aller.bien\/"]}]}},"jetpack_sharing_enabled":true,"_links":{"self":[{"href":"https:\/\/empab.fr\/index.php\/wp-json\/wp\/v2\/product\/1900","targetHints":{"allow":["GET"]}}],"collection":[{"href":"https:\/\/empab.fr\/index.php\/wp-json\/wp\/v2\/product"}],"about":[{"href":"https:\/\/empab.fr\/index.php\/wp-json\/wp\/v2\/types\/product"}],"replies":[{"embeddable":true,"href":"https:\/\/empab.fr\/index.php\/wp-json\/wp\/v2\/comments?post=1900"}],"wp:featuredmedia":[{"embeddable":true,"href":"https:\/\/empab.fr\/index.php\/wp-json\/wp\/v2\/media\/2008"}],"wp:attachment":[{"href":"https:\/\/empab.fr\/index.php\/wp-json\/wp\/v2\/media?parent=1900"}],"wp:term":[{"taxonomy":"product_brand","embeddable":true,"href":"https:\/\/empab.fr\/index.php\/wp-json\/wp\/v2\/product_brand?post=1900"},{"taxonomy":"product_cat","embeddable":true,"href":"https:\/\/empab.fr\/index.php\/wp-json\/wp\/v2\/product_cat?post=1900"},{"taxonomy":"product_tag","embeddable":true,"href":"https:\/\/empab.fr\/index.php\/wp-json\/wp\/v2\/product_tag?post=1900"}],"curies":[{"name":"wp","href":"https:\/\/api.w.org\/{rel}","templated":true}]}}