{"id":31,"date":"2023-01-02T19:22:11","date_gmt":"2023-01-02T18:22:11","guid":{"rendered":"http:\/\/empab.fr\/?page_id=31"},"modified":"2025-12-01T15:11:36","modified_gmt":"2025-12-01T14:11:36","slug":"mentions-legales","status":"publish","type":"page","link":"https:\/\/empab.fr\/index.php\/mentions-legales\/","title":{"rendered":"Mentions l\u00e9gales"},"content":{"rendered":"<div id=\"ez-toc-container\" class=\"ez-toc-v2_0_82_2 ez-toc-wrap-left counter-hierarchy ez-toc-counter ez-toc-custom ez-toc-container-direction\">\n<div class=\"ez-toc-title-container\">\n<p class=\"ez-toc-title\" style=\"cursor:inherit\">Contenus de la page<\/p>\n<span class=\"ez-toc-title-toggle\"><a href=\"#\" class=\"ez-toc-pull-right ez-toc-btn ez-toc-btn-xs ez-toc-btn-default ez-toc-toggle\" aria-label=\"Toggle Table of Content\"><span class=\"ez-toc-js-icon-con\"><span class=\"\"><span class=\"eztoc-hide\" style=\"display:none;\">Toggle<\/span><span class=\"ez-toc-icon-toggle-span\"><svg style=\"fill: #eeee22;color:#eeee22\" xmlns=\"http:\/\/www.w3.org\/2000\/svg\" class=\"list-377408\" width=\"20px\" height=\"20px\" viewBox=\"0 0 24 24\" fill=\"none\"><path d=\"M6 6H4v2h2V6zm14 0H8v2h12V6zM4 11h2v2H4v-2zm16 0H8v2h12v-2zM4 16h2v2H4v-2zm16 0H8v2h12v-2z\" fill=\"currentColor\"><\/path><\/svg><svg style=\"fill: #eeee22;color:#eeee22\" class=\"arrow-unsorted-368013\" xmlns=\"http:\/\/www.w3.org\/2000\/svg\" width=\"10px\" height=\"10px\" viewBox=\"0 0 24 24\" version=\"1.2\" baseProfile=\"tiny\"><path d=\"M18.2 9.3l-6.2-6.3-6.2 6.3c-.2.2-.3.4-.3.7s.1.5.3.7c.2.2.4.3.7.3h11c.3 0 .5-.1.7-.3.2-.2.3-.5.3-.7s-.1-.5-.3-.7zM5.8 14.7l6.2 6.3 6.2-6.3c.2-.2.3-.5.3-.7s-.1-.5-.3-.7c-.2-.2-.4-.3-.7-.3h-11c-.3 0-.5.1-.7.3-.2.2-.3.5-.3.7s.1.5.3.7z\"\/><\/svg><\/span><\/span><\/span><\/a><\/span><\/div>\n<nav><ul class='ez-toc-list ez-toc-list-level-1 ' ><li class='ez-toc-page-1 ez-toc-heading-level-1'><a class=\"ez-toc-link ez-toc-heading-1\" href=\"https:\/\/empab.fr\/index.php\/mentions-legales\/#Mentions_Legales\" >Mentions L\u00e9gales<\/a><ul class='ez-toc-list-level-2' ><li class='ez-toc-heading-level-2'><a class=\"ez-toc-link ez-toc-heading-2\" href=\"https:\/\/empab.fr\/index.php\/mentions-legales\/#En_vigueur_au_09022023\" >En vigueur au 09\/02\/2023<\/a><\/li><li class='ez-toc-page-1 ez-toc-heading-level-2'><a class=\"ez-toc-link ez-toc-heading-3\" href=\"https:\/\/empab.fr\/index.php\/mentions-legales\/#Acceptation_des_mentions_legales\" >Acceptation des mentions l\u00e9gales<\/a><ul class='ez-toc-list-level-3' ><li class='ez-toc-heading-level-3'><a class=\"ez-toc-link ez-toc-heading-4\" href=\"https:\/\/empab.fr\/index.php\/mentions-legales\/#Article_1_%E2%80%93_LEditeur\" >Article 1 &#8211; L&#8217;\u00c9diteur<\/a><\/li><li class='ez-toc-page-1 ez-toc-heading-level-3'><a class=\"ez-toc-link ez-toc-heading-5\" href=\"https:\/\/empab.fr\/index.php\/mentions-legales\/#Article_2_%E2%80%93_LHebergeur\" >Article 2 &#8211; L&#8217;H\u00e9bergeur<\/a><\/li><li class='ez-toc-page-1 ez-toc-heading-level-3'><a class=\"ez-toc-link ez-toc-heading-6\" href=\"https:\/\/empab.fr\/index.php\/mentions-legales\/#Article_3_%E2%80%93_Acces_au_Site\" >Article 3 &#8211; Acc\u00e8s au Site<\/a><\/li><li class='ez-toc-page-1 ez-toc-heading-level-3'><a class=\"ez-toc-link ez-toc-heading-7\" href=\"https:\/\/empab.fr\/index.php\/mentions-legales\/#Article_4_%E2%80%93_Collecte_des_Donnees\" >Article 4 &#8211; Collecte des Donn\u00e9es<\/a><\/li><li class='ez-toc-page-1 ez-toc-heading-level-3'><a class=\"ez-toc-link ez-toc-heading-8\" href=\"https:\/\/empab.fr\/index.php\/mentions-legales\/#Protection_des_Donnees_et_Propriete_Intellectuelle\" >Protection des Donn\u00e9es et Propri\u00e9t\u00e9 Intellectuelle<\/a><\/li><\/ul><\/li><\/ul><\/li><\/ul><\/nav><\/div>\n\t\t<div data-elementor-type=\"wp-page\" data-elementor-id=\"31\" class=\"elementor elementor-31\" data-elementor-post-type=\"page\">\n\t\t\t\t\t\t<section class=\"elementor-section elementor-top-section elementor-element elementor-element-ecdc729 elementor-section-boxed elementor-section-height-default elementor-section-height-default\" data-id=\"ecdc729\" data-element_type=\"section\" data-e-type=\"section\">\n\t\t\t\t\t\t<div class=\"elementor-container elementor-column-gap-default\">\n\t\t\t\t\t<div class=\"elementor-column elementor-col-50 elementor-top-column elementor-element elementor-element-034c5bc\" data-id=\"034c5bc\" data-element_type=\"column\" data-e-type=\"column\">\n\t\t\t<div class=\"elementor-widget-wrap elementor-element-populated\">\n\t\t\t\t\t\t<div class=\"elementor-element elementor-element-cb063be elementor-widget elementor-widget-image\" data-id=\"cb063be\" data-element_type=\"widget\" data-e-type=\"widget\" data-widget_type=\"image.default\">\n\t\t\t\t<div class=\"elementor-widget-container\">\n\t\t\t\t\t\t\t\t\t\t\t\t\t\t\t<img fetchpriority=\"high\" decoding=\"async\" width=\"300\" height=\"300\" src=\"https:\/\/empab.fr\/wp-content\/uploads\/2025\/06\/MENTIONS-LEGALES-900-PIX-300x300.jpg\" class=\"attachment-medium size-medium wp-image-1575\" alt=\"Ic\u00f4ne des mentions l\u00e9gales pour EMPAB, cabinet de massage \u00e0 Cosne-sur-Loire.\" srcset=\"https:\/\/empab.fr\/wp-content\/uploads\/2025\/06\/MENTIONS-LEGALES-900-PIX-300x300.jpg 300w, https:\/\/empab.fr\/wp-content\/uploads\/2025\/06\/MENTIONS-LEGALES-900-PIX-100x100.jpg 100w, https:\/\/empab.fr\/wp-content\/uploads\/2025\/06\/MENTIONS-LEGALES-900-PIX-600x600.jpg 600w, https:\/\/empab.fr\/wp-content\/uploads\/2025\/06\/MENTIONS-LEGALES-900-PIX-150x150.jpg 150w, https:\/\/empab.fr\/wp-content\/uploads\/2025\/06\/MENTIONS-LEGALES-900-PIX-768x769.jpg 768w, https:\/\/empab.fr\/wp-content\/uploads\/2025\/06\/MENTIONS-LEGALES-900-PIX.jpg 900w\" sizes=\"(max-width: 300px) 100vw, 300px\" \/>\t\t\t\t\t\t\t\t\t\t\t\t\t\t\t<\/div>\n\t\t\t\t<\/div>\n\t\t\t\t\t<\/div>\n\t\t<\/div>\n\t\t\t\t<div class=\"elementor-column elementor-col-50 elementor-top-column elementor-element elementor-element-c8e5e41\" data-id=\"c8e5e41\" data-element_type=\"column\" data-e-type=\"column\" data-settings=\"{&quot;background_background&quot;:&quot;classic&quot;}\">\n\t\t\t<div class=\"elementor-widget-wrap elementor-element-populated\">\n\t\t\t\t\t\t<div class=\"elementor-element elementor-element-bc7ce95 elementor-widget elementor-widget-text-editor\" data-id=\"bc7ce95\" data-element_type=\"widget\" data-e-type=\"widget\" data-widget_type=\"text-editor.default\">\n\t\t\t\t<div class=\"elementor-widget-container\">\n\t\t\t\t\t\t\t\t\t<p>Bienvenue sur la page des mentions l\u00e9gales d&#8217;EMPAB. Ici, vous trouverez toutes les informations essentielles concernant les aspects juridiques de notre cabinet de massage situ\u00e9 \u00e0 Cosne-sur-Loire. Les mentions l\u00e9gales sont un \u00e9l\u00e9ment crucial pour comprendre les conditions d&#8217;utilisation de notre site, ainsi que notre engagement envers la confidentialit\u00e9 et la protection de vos donn\u00e9es. Nous vous invitons \u00e0 lire attentivement ces informations pour mieux conna\u00eetre vos droits et nos obligations. Chez EMPAB, nous nous engageons \u00e0 fournir un service transparent et conforme aux r\u00e9glementations en vigueur. Si vous avez des questions ou besoin de clarifications suppl\u00e9mentaires, n&#8217;h\u00e9sitez pas \u00e0 nous contacter<\/p>\t\t\t\t\t\t\t\t<\/div>\n\t\t\t\t<\/div>\n\t\t\t\t\t<\/div>\n\t\t<\/div>\n\t\t\t\t\t<\/div>\n\t\t<\/section>\n\t\t\t\t<section class=\"elementor-section elementor-top-section elementor-element elementor-element-a1bfbe3 elementor-section-boxed elementor-section-height-default elementor-section-height-default\" data-id=\"a1bfbe3\" data-element_type=\"section\" data-e-type=\"section\">\n\t\t\t\t\t\t<div class=\"elementor-container elementor-column-gap-default\">\n\t\t\t\t\t<div class=\"elementor-column elementor-col-100 elementor-top-column elementor-element elementor-element-3d12785\" data-id=\"3d12785\" data-element_type=\"column\" data-e-type=\"column\">\n\t\t\t<div class=\"elementor-widget-wrap elementor-element-populated\">\n\t\t\t\t\t\t<div class=\"elementor-element elementor-element-729347d elementor-widget elementor-widget-spacer\" data-id=\"729347d\" data-element_type=\"widget\" data-e-type=\"widget\" data-widget_type=\"spacer.default\">\n\t\t\t\t<div class=\"elementor-widget-container\">\n\t\t\t\t\t\t\t<div class=\"elementor-spacer\">\n\t\t\t<div class=\"elementor-spacer-inner\"><\/div>\n\t\t<\/div>\n\t\t\t\t\t\t<\/div>\n\t\t\t\t<\/div>\n\t\t\t\t\t<\/div>\n\t\t<\/div>\n\t\t\t\t\t<\/div>\n\t\t<\/section>\n\t\t\t\t<section class=\"elementor-section elementor-top-section elementor-element elementor-element-ec73ad4 elementor-section-boxed elementor-section-height-default elementor-section-height-default\" data-id=\"ec73ad4\" data-element_type=\"section\" data-e-type=\"section\" data-settings=\"{&quot;background_background&quot;:&quot;classic&quot;}\">\n\t\t\t\t\t\t<div class=\"elementor-container elementor-column-gap-default\">\n\t\t\t\t\t<div class=\"elementor-column elementor-col-100 elementor-top-column elementor-element elementor-element-938364a\" data-id=\"938364a\" data-element_type=\"column\" data-e-type=\"column\" data-settings=\"{&quot;background_background&quot;:&quot;classic&quot;}\">\n\t\t\t<div class=\"elementor-widget-wrap elementor-element-populated\">\n\t\t\t\t\t\t<div class=\"elementor-element elementor-element-4ba89d6 elementor-widget elementor-widget-text-editor\" data-id=\"4ba89d6\" data-element_type=\"widget\" data-e-type=\"widget\" data-widget_type=\"text-editor.default\">\n\t\t\t\t<div class=\"elementor-widget-container\">\n\t\t\t\t\t\t\t\t\t<h1><span class=\"ez-toc-section\" id=\"Mentions_Legales\"><\/span>Mentions L\u00e9gales<span class=\"ez-toc-section-end\"><\/span><\/h1><h2 dir=\"auto\"><span class=\"ez-toc-section\" id=\"En_vigueur_au_09022023\"><\/span><strong>En vigueur au 09\/02\/2023<\/strong><span class=\"ez-toc-section-end\"><\/span><\/h2><p dir=\"auto\">Conform\u00e9ment aux dispositions des Articles 6-III et 19 de la Loi n\u00b02004-575 du 21 juin 2004 pour la Confiance dans l\u2019\u00e9conomie num\u00e9rique (<a href=\"https:\/\/www.legifrance.gouv.fr\/loda\/article_lc\/LEGIARTI000044067469\" target=\"_blank\" rel=\"noopener\">L.C.E.N.<\/a>), les pr\u00e9sentes mentions l\u00e9gales sont port\u00e9es \u00e0 la connaissance des utilisateurs du site empab.fr, ci-apr\u00e8s d\u00e9nomm\u00e9 le &#8220;Site&#8221;.<\/p><h2 dir=\"auto\"><span class=\"ez-toc-section\" id=\"Acceptation_des_mentions_legales\"><\/span><strong>Acceptation des mentions l\u00e9gales<\/strong><span class=\"ez-toc-section-end\"><\/span><\/h2><p dir=\"auto\">La connexion au Site implique l&#8217;acceptation int\u00e9grale et sans r\u00e9serve des pr\u00e9sentes mentions l\u00e9gales par l&#8217;Utilisateur. Ces mentions sont accessibles \u00e0 tout moment dans la rubrique d\u00e9di\u00e9e du Site.<\/p><h3 dir=\"auto\"><span class=\"ez-toc-section\" id=\"Article_1_%E2%80%93_LEditeur\"><\/span><strong>Article 1 &#8211; L&#8217;\u00c9diteur<\/strong><span class=\"ez-toc-section-end\"><\/span><\/h3><p dir=\"auto\">L\u2019\u00e9dition du Site est assur\u00e9e par Juan Carlos GARCIA BERRIO, domicili\u00e9 au 13 rue de Veaugues. Vous pouvez le contacter par t\u00e9l\u00e9phone au 0616935026 ou par e-mail \u00e0 l&#8217;adresse <a href=\"mailto:admin@l-f-conseil.fr\">admin@l-f-conseil.fr<\/a>. L&#8217;\u00c9diteur est inscrit au Registre du Commerce et des Soci\u00e9t\u00e9s de Nevers sous le num\u00e9ro 879 118 677 00019 et n&#8217;est pas soumis \u00e0 la TVA intracommunautaire.<\/p><h3 dir=\"auto\"><span class=\"ez-toc-section\" id=\"Article_2_%E2%80%93_LHebergeur\"><\/span><strong>Article 2 &#8211; L&#8217;H\u00e9bergeur<\/strong><span class=\"ez-toc-section-end\"><\/span><\/h3><p dir=\"auto\">Le Site est h\u00e9berg\u00e9 par la soci\u00e9t\u00e9 OVH, situ\u00e9e au 2 rue Kellermann, BP 80157, 59053 Roubaix Cedex 1, France. Pour tout contact, vous pouvez les joindre au 0972101010.<\/p><h3 dir=\"auto\"><span class=\"ez-toc-section\" id=\"Article_3_%E2%80%93_Acces_au_Site\"><\/span><strong>Article 3 &#8211; Acc\u00e8s au Site<\/strong><span class=\"ez-toc-section-end\"><\/span><\/h3><p dir=\"auto\">Le Site est accessible 7j\/7 et 24h\/24, sauf en cas de force majeure ou d&#8217;interruption pour maintenance. En cas de suspension du Site, l&#8217;Editeur ne saurait \u00eatre tenu responsable.<\/p><h3 dir=\"auto\"><span class=\"ez-toc-section\" id=\"Article_4_%E2%80%93_Collecte_des_Donnees\"><\/span><strong>Article 4 &#8211; Collecte des Donn\u00e9es<\/strong><span class=\"ez-toc-section-end\"><\/span><\/h3><p dir=\"auto\">Le Site assure une collecte et un traitement des informations personnelles conform\u00e9ment \u00e0 la loi n\u00b078-17 du 6 janvier 1978 relative \u00e0 l&#8217;informatique, aux fichiers et aux libert\u00e9s. L&#8217;Utilisateur dispose d&#8217;un droit d&#8217;acc\u00e8s, de rectification, de suppression et d&#8217;opposition de ses donn\u00e9es personnelles. Pour exercer ce droit, l&#8217;Utilisateur peut :<\/p><ul><li>Envoyer un mail \u00e0\u00a0<a href=\"mailto:contact@empab.fr\">contact@empab.fr<\/a><\/li><li>\u00c9crire \u00e0 l&#8217;adresse postale suivante : 13, rue de Veaugues, 58200 Cosne sur Loire<\/li><li>Utiliser le formulaire de contact disponible sur le Site<\/li><\/ul><h3 dir=\"auto\"><span class=\"ez-toc-section\" id=\"Protection_des_Donnees_et_Propriete_Intellectuelle\"><\/span><strong>Protection des Donn\u00e9es et Propri\u00e9t\u00e9 Intellectuelle<\/strong><span class=\"ez-toc-section-end\"><\/span><\/h3><p dir=\"auto\">Toute utilisation non autoris\u00e9e du Site, incluant la reproduction ou la modification de son contenu, est strictement interdite. Cela peut entra\u00eener des poursuites judiciaires conform\u00e9ment au Code de la propri\u00e9t\u00e9 intellectuelle et au Code civil.<\/p><p dir=\"auto\">Pour plus d&#8217;informations, veuillez consulter :<\/p><ul><li>Les Conditions G\u00e9n\u00e9rales d&#8217;Utilisation (CGU) du Site<\/li><li>Les Conditions G\u00e9n\u00e9rales de Vente (CGV) du Site<\/li><li>La Charte de protection des donn\u00e9es personnelles<\/li><li>La Charte relative aux cookies<\/li><\/ul>\t\t\t\t\t\t\t\t<\/div>\n\t\t\t\t<\/div>\n\t\t\t\t\t<\/div>\n\t\t<\/div>\n\t\t\t\t\t<\/div>\n\t\t<\/section>\n\t\t\t\t<\/div>\n\t\t","protected":false},"excerpt":{"rendered":"<p>Bienvenue sur la page des mentions l\u00e9gales d&#8217;EMPAB. Ici, vous trouverez toutes les informations essentielles concernant les aspects juridiques de notre cabinet de massage situ\u00e9 \u00e0 Cosne-sur-Loire. Les mentions l\u00e9gales sont un \u00e9l\u00e9ment crucial pour comprendre les conditions d&#8217;utilisation de notre site, ainsi que notre engagement envers la confidentialit\u00e9 et la protection de vos donn\u00e9es. [&hellip;]<\/p>\n","protected":false},"author":1,"featured_media":0,"parent":0,"menu_order":0,"comment_status":"closed","ping_status":"closed","template":"","meta":{"footnotes":""},"class_list":["post-31","page","type-page","status-publish","hentry","entry","owp-thumbs-layout-horizontal","owp-btn-normal","owp-tabs-layout-horizontal","has-no-thumbnails","has-product-nav"],"yoast_head":"<!-- This site is optimized with the Yoast SEO plugin v27.4 - https:\/\/yoast.com\/product\/yoast-seo-wordpress\/ -->\n<title>Mentions L\u00e9gales EMPAB - Massage Bien-\u00eatre \u00e0 Cosne-sur-Loire<\/title>\n<meta name=\"description\" content=\"Mentions l\u00e9gales d&#039;EMPAB : conditions d&#039;utilisation et politique de confidentialit\u00e9 l\u00e9gales pour mon cabinet de massage \u00e0 Cosne-sur-Loire.\" \/>\n<meta name=\"robots\" content=\"index, follow, max-snippet:-1, max-image-preview:large, max-video-preview:-1\" \/>\n<link rel=\"canonical\" href=\"https:\/\/empab.fr\/index.php\/mentions-legales\/\" \/>\n<meta property=\"og:locale\" content=\"fr_FR\" \/>\n<meta property=\"og:type\" content=\"article\" \/>\n<meta property=\"og:title\" content=\"Mentions L\u00e9gales EMPAB - Massage Bien-\u00eatre \u00e0 Cosne-sur-Loire\" \/>\n<meta property=\"og:description\" content=\"Mentions l\u00e9gales d&#039;EMPAB : conditions d&#039;utilisation et politique de confidentialit\u00e9 l\u00e9gales pour mon cabinet de massage \u00e0 Cosne-sur-Loire.\" \/>\n<meta property=\"og:url\" content=\"https:\/\/empab.fr\/index.php\/mentions-legales\/\" \/>\n<meta property=\"og:site_name\" content=\"EMPAB -\u00caTRE MIEUX POUR ALLER BIEN\" \/>\n<meta property=\"article:publisher\" content=\"https:\/\/www.facebook.com\/profile.php?id=100091632164342\" \/>\n<meta property=\"article:modified_time\" content=\"2025-12-01T14:11:36+00:00\" \/>\n<meta property=\"og:image\" content=\"https:\/\/empab.fr\/wp-content\/uploads\/2025\/06\/MENTIONS-LEGALES-900-PIX.jpg\" \/>\n\t<meta property=\"og:image:width\" content=\"900\" \/>\n\t<meta property=\"og:image:height\" content=\"901\" \/>\n\t<meta property=\"og:image:type\" content=\"image\/jpeg\" \/>\n<meta name=\"twitter:card\" content=\"summary_large_image\" \/>\n<meta name=\"twitter:site\" content=\"@empab_369\" \/>\n<meta name=\"twitter:label1\" content=\"Dur\u00e9e de lecture estim\u00e9e\" \/>\n\t<meta name=\"twitter:data1\" content=\"3 minutes\" \/>\n<script type=\"application\/ld+json\" class=\"yoast-schema-graph\">{\"@context\":\"https:\\\/\\\/schema.org\",\"@graph\":[{\"@type\":\"WebPage\",\"@id\":\"https:\\\/\\\/empab.fr\\\/index.php\\\/mentions-legales\\\/\",\"url\":\"https:\\\/\\\/empab.fr\\\/index.php\\\/mentions-legales\\\/\",\"name\":\"Mentions L\u00e9gales EMPAB - Massage Bien-\u00eatre \u00e0 Cosne-sur-Loire\",\"isPartOf\":{\"@id\":\"https:\\\/\\\/empab.fr\\\/#website\"},\"primaryImageOfPage\":{\"@id\":\"https:\\\/\\\/empab.fr\\\/index.php\\\/mentions-legales\\\/#primaryimage\"},\"image\":{\"@id\":\"https:\\\/\\\/empab.fr\\\/index.php\\\/mentions-legales\\\/#primaryimage\"},\"thumbnailUrl\":\"https:\\\/\\\/empab.fr\\\/wp-content\\\/uploads\\\/2025\\\/06\\\/MENTIONS-LEGALES-900-PIX-300x300.jpg\",\"datePublished\":\"2023-01-02T18:22:11+00:00\",\"dateModified\":\"2025-12-01T14:11:36+00:00\",\"description\":\"Mentions l\u00e9gales d'EMPAB : conditions d'utilisation et politique de confidentialit\u00e9 l\u00e9gales pour mon cabinet de massage \u00e0 Cosne-sur-Loire.\",\"breadcrumb\":{\"@id\":\"https:\\\/\\\/empab.fr\\\/index.php\\\/mentions-legales\\\/#breadcrumb\"},\"inLanguage\":\"fr-FR\",\"potentialAction\":[{\"@type\":\"ReadAction\",\"target\":[\"https:\\\/\\\/empab.fr\\\/index.php\\\/mentions-legales\\\/\"]}]},{\"@type\":\"ImageObject\",\"inLanguage\":\"fr-FR\",\"@id\":\"https:\\\/\\\/empab.fr\\\/index.php\\\/mentions-legales\\\/#primaryimage\",\"url\":\"https:\\\/\\\/empab.fr\\\/wp-content\\\/uploads\\\/2025\\\/06\\\/MENTIONS-LEGALES-900-PIX.jpg\",\"contentUrl\":\"https:\\\/\\\/empab.fr\\\/wp-content\\\/uploads\\\/2025\\\/06\\\/MENTIONS-LEGALES-900-PIX.jpg\",\"width\":900,\"height\":901,\"caption\":\"Consultez nos mentions l\u00e9gales pour plus d'informations sur les conditions d'utilisation et la politique de confidentialit\u00e9 d'EMPAB\"},{\"@type\":\"BreadcrumbList\",\"@id\":\"https:\\\/\\\/empab.fr\\\/index.php\\\/mentions-legales\\\/#breadcrumb\",\"itemListElement\":[{\"@type\":\"ListItem\",\"position\":1,\"name\":\"Accueil\",\"item\":\"https:\\\/\\\/empab.fr\\\/\"},{\"@type\":\"ListItem\",\"position\":2,\"name\":\"Mentions l\u00e9gales\"}]},{\"@type\":\"WebSite\",\"@id\":\"https:\\\/\\\/empab.fr\\\/#website\",\"url\":\"https:\\\/\\\/empab.fr\\\/\",\"name\":\"EMPAB -\u00caTRE MIEUX POUR ALLER BIEN\",\"description\":\"Du bien-\u00eatre au mieux-\u00eatre\",\"publisher\":{\"@id\":\"https:\\\/\\\/empab.fr\\\/#organization\"},\"potentialAction\":[{\"@type\":\"SearchAction\",\"target\":{\"@type\":\"EntryPoint\",\"urlTemplate\":\"https:\\\/\\\/empab.fr\\\/?s={search_term_string}\"},\"query-input\":{\"@type\":\"PropertyValueSpecification\",\"valueRequired\":true,\"valueName\":\"search_term_string\"}}],\"inLanguage\":\"fr-FR\"},{\"@type\":\"Organization\",\"@id\":\"https:\\\/\\\/empab.fr\\\/#organization\",\"name\":\"EMPAB -\u00caTRE MIEUX POUR ALLER BIEN\",\"url\":\"https:\\\/\\\/empab.fr\\\/\",\"logo\":{\"@type\":\"ImageObject\",\"inLanguage\":\"fr-FR\",\"@id\":\"https:\\\/\\\/empab.fr\\\/#\\\/schema\\\/logo\\\/image\\\/\",\"url\":\"https:\\\/\\\/empab.fr\\\/wp-content\\\/uploads\\\/2025\\\/02\\\/cropped-logo-EMPAB-AVEC-SILHOUETES.png\",\"contentUrl\":\"https:\\\/\\\/empab.fr\\\/wp-content\\\/uploads\\\/2025\\\/02\\\/cropped-logo-EMPAB-AVEC-SILHOUETES.png\",\"width\":382,\"height\":392,\"caption\":\"EMPAB -\u00caTRE MIEUX POUR ALLER BIEN\"},\"image\":{\"@id\":\"https:\\\/\\\/empab.fr\\\/#\\\/schema\\\/logo\\\/image\\\/\"},\"sameAs\":[\"https:\\\/\\\/www.facebook.com\\\/profile.php?id=100091632164342\",\"https:\\\/\\\/x.com\\\/empab_369\",\"https:\\\/\\\/www.instagram.com\\\/etre.mieux.pour.aller.bien\\\/\"]}]}<\/script>\n<!-- \/ Yoast SEO plugin. -->","yoast_head_json":{"title":"Mentions L\u00e9gales EMPAB - Massage Bien-\u00eatre \u00e0 Cosne-sur-Loire","description":"Mentions l\u00e9gales d'EMPAB : conditions d'utilisation et politique de confidentialit\u00e9 l\u00e9gales pour mon cabinet de massage \u00e0 Cosne-sur-Loire.","robots":{"index":"index","follow":"follow","max-snippet":"max-snippet:-1","max-image-preview":"max-image-preview:large","max-video-preview":"max-video-preview:-1"},"canonical":"https:\/\/empab.fr\/index.php\/mentions-legales\/","og_locale":"fr_FR","og_type":"article","og_title":"Mentions L\u00e9gales EMPAB - Massage Bien-\u00eatre \u00e0 Cosne-sur-Loire","og_description":"Mentions l\u00e9gales d'EMPAB : conditions d'utilisation et politique de confidentialit\u00e9 l\u00e9gales pour mon cabinet de massage \u00e0 Cosne-sur-Loire.","og_url":"https:\/\/empab.fr\/index.php\/mentions-legales\/","og_site_name":"EMPAB -\u00caTRE MIEUX POUR ALLER BIEN","article_publisher":"https:\/\/www.facebook.com\/profile.php?id=100091632164342","article_modified_time":"2025-12-01T14:11:36+00:00","og_image":[{"width":900,"height":901,"url":"https:\/\/empab.fr\/wp-content\/uploads\/2025\/06\/MENTIONS-LEGALES-900-PIX.jpg","type":"image\/jpeg"}],"twitter_card":"summary_large_image","twitter_site":"@empab_369","twitter_misc":{"Dur\u00e9e de lecture estim\u00e9e":"3 minutes"},"schema":{"@context":"https:\/\/schema.org","@graph":[{"@type":"WebPage","@id":"https:\/\/empab.fr\/index.php\/mentions-legales\/","url":"https:\/\/empab.fr\/index.php\/mentions-legales\/","name":"Mentions L\u00e9gales EMPAB - Massage Bien-\u00eatre \u00e0 Cosne-sur-Loire","isPartOf":{"@id":"https:\/\/empab.fr\/#website"},"primaryImageOfPage":{"@id":"https:\/\/empab.fr\/index.php\/mentions-legales\/#primaryimage"},"image":{"@id":"https:\/\/empab.fr\/index.php\/mentions-legales\/#primaryimage"},"thumbnailUrl":"https:\/\/empab.fr\/wp-content\/uploads\/2025\/06\/MENTIONS-LEGALES-900-PIX-300x300.jpg","datePublished":"2023-01-02T18:22:11+00:00","dateModified":"2025-12-01T14:11:36+00:00","description":"Mentions l\u00e9gales d'EMPAB : conditions d'utilisation et politique de confidentialit\u00e9 l\u00e9gales pour mon cabinet de massage \u00e0 Cosne-sur-Loire.","breadcrumb":{"@id":"https:\/\/empab.fr\/index.php\/mentions-legales\/#breadcrumb"},"inLanguage":"fr-FR","potentialAction":[{"@type":"ReadAction","target":["https:\/\/empab.fr\/index.php\/mentions-legales\/"]}]},{"@type":"ImageObject","inLanguage":"fr-FR","@id":"https:\/\/empab.fr\/index.php\/mentions-legales\/#primaryimage","url":"https:\/\/empab.fr\/wp-content\/uploads\/2025\/06\/MENTIONS-LEGALES-900-PIX.jpg","contentUrl":"https:\/\/empab.fr\/wp-content\/uploads\/2025\/06\/MENTIONS-LEGALES-900-PIX.jpg","width":900,"height":901,"caption":"Consultez nos mentions l\u00e9gales pour plus d'informations sur les conditions d'utilisation et la politique de confidentialit\u00e9 d'EMPAB"},{"@type":"BreadcrumbList","@id":"https:\/\/empab.fr\/index.php\/mentions-legales\/#breadcrumb","itemListElement":[{"@type":"ListItem","position":1,"name":"Accueil","item":"https:\/\/empab.fr\/"},{"@type":"ListItem","position":2,"name":"Mentions l\u00e9gales"}]},{"@type":"WebSite","@id":"https:\/\/empab.fr\/#website","url":"https:\/\/empab.fr\/","name":"EMPAB -\u00caTRE MIEUX POUR ALLER BIEN","description":"Du bien-\u00eatre au mieux-\u00eatre","publisher":{"@id":"https:\/\/empab.fr\/#organization"},"potentialAction":[{"@type":"SearchAction","target":{"@type":"EntryPoint","urlTemplate":"https:\/\/empab.fr\/?s={search_term_string}"},"query-input":{"@type":"PropertyValueSpecification","valueRequired":true,"valueName":"search_term_string"}}],"inLanguage":"fr-FR"},{"@type":"Organization","@id":"https:\/\/empab.fr\/#organization","name":"EMPAB -\u00caTRE MIEUX POUR ALLER BIEN","url":"https:\/\/empab.fr\/","logo":{"@type":"ImageObject","inLanguage":"fr-FR","@id":"https:\/\/empab.fr\/#\/schema\/logo\/image\/","url":"https:\/\/empab.fr\/wp-content\/uploads\/2025\/02\/cropped-logo-EMPAB-AVEC-SILHOUETES.png","contentUrl":"https:\/\/empab.fr\/wp-content\/uploads\/2025\/02\/cropped-logo-EMPAB-AVEC-SILHOUETES.png","width":382,"height":392,"caption":"EMPAB -\u00caTRE MIEUX POUR ALLER BIEN"},"image":{"@id":"https:\/\/empab.fr\/#\/schema\/logo\/image\/"},"sameAs":["https:\/\/www.facebook.com\/profile.php?id=100091632164342","https:\/\/x.com\/empab_369","https:\/\/www.instagram.com\/etre.mieux.pour.aller.bien\/"]}]}},"jetpack_sharing_enabled":true,"_links":{"self":[{"href":"https:\/\/empab.fr\/index.php\/wp-json\/wp\/v2\/pages\/31","targetHints":{"allow":["GET"]}}],"collection":[{"href":"https:\/\/empab.fr\/index.php\/wp-json\/wp\/v2\/pages"}],"about":[{"href":"https:\/\/empab.fr\/index.php\/wp-json\/wp\/v2\/types\/page"}],"author":[{"embeddable":true,"href":"https:\/\/empab.fr\/index.php\/wp-json\/wp\/v2\/users\/1"}],"replies":[{"embeddable":true,"href":"https:\/\/empab.fr\/index.php\/wp-json\/wp\/v2\/comments?post=31"}],"version-history":[{"count":37,"href":"https:\/\/empab.fr\/index.php\/wp-json\/wp\/v2\/pages\/31\/revisions"}],"predecessor-version":[{"id":1759,"href":"https:\/\/empab.fr\/index.php\/wp-json\/wp\/v2\/pages\/31\/revisions\/1759"}],"wp:attachment":[{"href":"https:\/\/empab.fr\/index.php\/wp-json\/wp\/v2\/media?parent=31"}],"curies":[{"name":"wp","href":"https:\/\/api.w.org\/{rel}","templated":true}]}}